{"id":142,"date":"2025-09-24T20:38:28","date_gmt":"2025-09-25T01:38:28","guid":{"rendered":"https:\/\/fiberbyte.net\/?page_id=142"},"modified":"2026-03-23T20:55:27","modified_gmt":"2026-03-24T01:55:27","slug":"documentos","status":"publish","type":"page","link":"https:\/\/fiberbyte.net\/?page_id=142","title":{"rendered":"Documentos"},"content":{"rendered":"\t\t<div data-elementor-type=\"wp-page\" data-elementor-id=\"142\" class=\"elementor elementor-142\">\n\t\t\t\t<div class=\"elementor-element elementor-element-91803c1 e-grid e-con-boxed e-con e-parent\" data-id=\"91803c1\" data-element_type=\"container\" data-e-type=\"container\">\n\t\t\t\t\t<div class=\"e-con-inner\">\n\t\t\t\t<div class=\"elementor-element elementor-element-660be22 elementor-widget elementor-widget-heading\" data-id=\"660be22\" data-element_type=\"widget\" data-e-type=\"widget\" data-widget_type=\"heading.default\">\n\t\t\t\t\t<h2 class=\"elementor-heading-title elementor-size-default\">Documentos Inform\u00e1tivos<\/h2>\t\t\t\t<\/div>\n\t\t\t\t<div class=\"elementor-element elementor-element-1babee7 elementor-widget elementor-widget-text-editor\" data-id=\"1babee7\" data-element_type=\"widget\" data-e-type=\"widget\" data-widget_type=\"text-editor.default\">\n\t\t\t\t\t\t\t\t\t<p><strong>Norma de Calidad:<\/strong><\/p><ul><li>Norma <a href=\"https:\/\/fiberbyte.net\/wp-content\/uploads\/2025\/09\/FIBERBYTE-Norma-Nro-FB-NC-2025-0001-N.pdf\" target=\"_blank\" rel=\"noopener\">FIBERBYTE Norma Nro. FB-NC-2025-0001-N<\/a><\/li><\/ul><p><strong>T\u00e9rminos, Condiciones y Pol\u00edticas de Protecci\u00f3n de Datos:<\/strong><\/p><ul><li>T\u00e9rminos <a href=\"https:\/\/fiberbyte.net\/wp-content\/uploads\/2026\/03\/FIBERBYTE-Proteccion-Nro-FB-PD-2025-0001-P.pdf\" target=\"_blank\" rel=\"noopener\">FIBERBYTE Politica Nro. FB-PD-2025-0001-P<\/a><\/li><\/ul><p><strong>Resoluciones de Entidades de Control:<\/strong><\/p><ul><li>Resoluci\u00f3n <a href=\"https:\/\/fiberbyte.net\/wp-content\/uploads\/2025\/09\/CONATEL-Resolucion-TEL-477-16-CONATEL-2012.pdf\" target=\"_blank\" rel=\"noopener\">ARCOTEL\/CONATEL Nro. TEL-477-16-CONATEL-2012<\/a><\/li><li>Resoluci\u00f3n <a href=\"https:\/\/fiberbyte.net\/wp-content\/uploads\/2025\/09\/CONATEL-Resolucion-216-09-CONATEL-2009.pdf\" target=\"_blank\" rel=\"noopener\">ARCOTEL\/CONATEL Nro. 216-09-CONATEL-2009<\/a><\/li><\/ul><p><strong>Recomendaciones:<\/strong><\/p><ul><li>ARCOTEL <a href=\"https:\/\/fiberbyte.net\/wp-content\/uploads\/2025\/12\/ARCOTEL-Guia-Control-Parental.pdf\" target=\"_blank\" rel=\"noopener\">Gu\u00eda Control Parental (GCP)<\/a><\/li><\/ul><p><strong>Leyes:<\/strong><\/p><ul><li>Presidencia de la Rep\u00fablica <a href=\"https:\/\/fiberbyte.net\/wp-content\/uploads\/2025\/12\/Presidencia-Ley-Discapacidades.pdf\" target=\"_blank\" rel=\"noopener\">Ley Org\u00e1nica de Discapacidades (LOD)<\/a><\/li><li>Presidencia de la Rep\u00fablica <a href=\"https:\/\/fiberbyte.net\/wp-content\/uploads\/2025\/12\/Presidencia-Ley-Adultos.pdf\" target=\"_blank\" rel=\"noopener\">Ley Org\u00e1nica de las Personas Adultas Mayores (LOPAM)<\/a><\/li><li>Presidencia de la Rep\u00fablica <a href=\"https:\/\/fiberbyte.net\/wp-content\/uploads\/2026\/03\/Presidencia-Ley-Datos-Personales.pdf\" target=\"_blank\" rel=\"noopener\">Ley Org\u00e1nica de Protecci\u00f3n de Datos Personales (LOPDP)<\/a><\/li><\/ul><p><strong>Reglamentos a las Leyes:<\/strong><\/p><ul><li>Presidencia de la Rep\u00fablica <a href=\"https:\/\/fiberbyte.net\/wp-content\/uploads\/2025\/12\/Presidencia-Reglamento-Ley-Discapacidades.pdf\" target=\"_blank\" rel=\"noopener\">Reglamento a la Ley Org\u00e1nica de Discapacidades (LOD)<\/a><\/li><li>Presidencia de la Rep\u00fablica <a href=\"https:\/\/fiberbyte.net\/wp-content\/uploads\/2025\/12\/Presidencia-Reglamento-Ley-Adultos.pdf\" target=\"_blank\" rel=\"noopener\">Reglamento a la Ley Org\u00e1nica de las Personas Adultas Mayores (LOPAM)<\/a><\/li><li>ARCOTEL\/CONATEL <a href=\"https:\/\/fiberbyte.net\/wp-content\/uploads\/2025\/12\/Conatel-Reglamento-Abonados.pdf\" target=\"_blank\" rel=\"noopener\">Reglamento Abonados Servicios Telecomunicaciones y Valor Agregado<\/a><\/li><\/ul>\t\t\t\t\t\t\t\t<\/div>\n\t\t\t\t\t<\/div>\n\t\t\t\t<\/div>\n\t\t\t\t<\/div>\n\t\t","protected":false},"excerpt":{"rendered":"<p>Documentos Inform\u00e1tivos Norma de Calidad: Norma FIBERBYTE Norma Nro. FB-NC-2025-0001-N T\u00e9rminos, Condiciones y Pol\u00edticas de Protecci\u00f3n de Datos: T\u00e9rminos FIBERBYTE Politica Nro. FB-PD-2025-0001-P Resoluciones de Entidades de Control: Resoluci\u00f3n ARCOTEL\/CONATEL Nro. TEL-477-16-CONATEL-2012 Resoluci\u00f3n ARCOTEL\/CONATEL Nro. 216-09-CONATEL-2009 Recomendaciones: ARCOTEL Gu\u00eda Control Parental (GCP) Leyes: Presidencia de la Rep\u00fablica Ley Org\u00e1nica de Discapacidades (LOD) Presidencia de la&hellip; <br \/> <a class=\"read-more\" href=\"https:\/\/fiberbyte.net\/?page_id=142\">Leer m\u00e1s<\/a><\/p>\n","protected":false},"author":1,"featured_media":0,"parent":0,"menu_order":0,"comment_status":"closed","ping_status":"closed","template":"","meta":{"footnotes":""},"class_list":["post-142","page","type-page","status-publish","hentry"],"_links":{"self":[{"href":"https:\/\/fiberbyte.net\/index.php?rest_route=\/wp\/v2\/pages\/142","targetHints":{"allow":["GET"]}}],"collection":[{"href":"https:\/\/fiberbyte.net\/index.php?rest_route=\/wp\/v2\/pages"}],"about":[{"href":"https:\/\/fiberbyte.net\/index.php?rest_route=\/wp\/v2\/types\/page"}],"author":[{"embeddable":true,"href":"https:\/\/fiberbyte.net\/index.php?rest_route=\/wp\/v2\/users\/1"}],"replies":[{"embeddable":true,"href":"https:\/\/fiberbyte.net\/index.php?rest_route=%2Fwp%2Fv2%2Fcomments&post=142"}],"version-history":[{"count":25,"href":"https:\/\/fiberbyte.net\/index.php?rest_route=\/wp\/v2\/pages\/142\/revisions"}],"predecessor-version":[{"id":221,"href":"https:\/\/fiberbyte.net\/index.php?rest_route=\/wp\/v2\/pages\/142\/revisions\/221"}],"wp:attachment":[{"href":"https:\/\/fiberbyte.net\/index.php?rest_route=%2Fwp%2Fv2%2Fmedia&parent=142"}],"curies":[{"name":"wp","href":"https:\/\/api.w.org\/{rel}","templated":true}]}}