{"id":4,"date":"2025-09-24T16:40:33","date_gmt":"2025-09-24T14:40:33","guid":{"rendered":"https:\/\/fiberbyte.net\/?page_id=4"},"modified":"2025-09-25T00:28:50","modified_gmt":"2025-09-24T22:28:50","slug":"mesmerize","status":"publish","type":"page","link":"https:\/\/fiberbyte.net\/","title":{"rendered":"Front Page"},"content":{"rendered":"<div  id=\"features-3\" style=\"background-color: #ffffff;\" data-label=\"Features\" data-id=\"features-12-card-bordered\" data-export-id=\"features-12-card-bordered\" data-category=\"features\" class=\"features-12-card-bordered content-section content-section-spacing \"><div  class=\"gridContainer\"> <div  class=\"row text-center\"><div  class=\"section-title-col\" data-type=\"column\"> <h2  class=\"\">TECNOLOG\u00cdA<\/h2> <p  class=\"lead\">Nuestra empresa para brindar sus Productos y Servicios, usa tecnolog\u00edas actuales, con las cuales se logra cubrir las necesidades de nuestros Clientes<\/p><\/div> <\/div> <div  class=\"row spaced-cols\" data-type=\"row\"> <div  class=\"col-sm-6\"> <div  class=\"card row-card bordered y-move\"> <div  class=\"row\"> <div  class=\"col-sm-fit icon-column\"> <i  class=\"fa icon fa-connectdevelop round bordered color2\"><\/i> <\/div> <div  class=\"col-sm\" data-type=\"column\"> <h5  class=\"color2\">GPON<\/h5> <p  class=\"\">Sistema de acceso a Internet de Alta Velocidad, la conexi\u00f3n con el mundo que podr\u00e1 experimentar es la m\u00e1s r\u00e1pida, directamente desde su computador.<\/p><\/div> <\/div><\/div> <\/div> <div  class=\"col-sm-6\"> <div  class=\"card row-card bordered y-move\"> <div  class=\"row\"> <div  class=\"col-sm-fit icon-column\"> <i  class=\"fa icon fa-codepen round bordered color2\"><\/i> <\/div> <div  class=\"col-sm\" data-type=\"column\"> <h5  class=\"color2\">WIRELESS<\/h5> <p  class=\"\">Sistema de acceso a Internet de Moderada Velocidad, la conexi\u00f3n con el mundo que podr\u00e1 experimentar es la m\u00e1s aceptable, lo cual se encuentra limitado por la zona de cobertura y niveles de interferencia electromagn\u00e9tica.<\/p><\/div> <\/div><\/div> <\/div> <div  class=\"col-sm-6\"> <div  class=\"card row-card bordered y-move\"> <div  class=\"row\"> <div  class=\"col-sm-fit icon-column\"> <i  class=\"fa icon color2 fa-suitcase bordered round\"><\/i> <\/div> <div  class=\"col-sm\" data-type=\"column\"> <h5  class=\"color2\">HOSTING<\/h5> <p  class=\"\">Sistema de Hospedaje de P\u00e1ginas Web para peque\u00f1as y medianas empresas, que requieran tener presencia en el mundo digital.<\/p><\/div> <\/div><\/div> <\/div> <div  class=\"col-sm-6\"> <div  class=\"card row-card bordered y-move\"> <div  class=\"row\"> <div  class=\"col-sm-fit icon-column\"> <i  class=\"fa icon color2 fa-tasks bordered round\"><\/i> <\/div> <div  class=\"col-sm\" data-type=\"column\"> <h5  class=\"color2\">SERVIDORES<\/h5> <p  class=\"\">Servidores Virtuales Microsoft Windows y GNU\/Linux dedicados para tareas de prop\u00f3sito general para empresas.<\/p><\/div> <\/div><\/div> <\/div><\/div> <\/div><\/div><div  id=\"content-13\" style=\"background-color: #f5fafd;\" data-label=\"Content\" data-id=\"content-2\" data-export-id=\"content-2\" data-category=\"content\" class=\"content-2 content-section content-section-spacing\"><div > <div  class=\"row middle-xs\"><div  class=\"col-sm-5 bg-image shadow-large-black\" data-bg=\"image\" style=\"background-image: url(&quot;https:\/\/fiberbyte.net\/wp-content\/uploads\/2025\/09\/cropped-seg01-1.jpg&quot;);\"><\/div> <div  class=\"col-sm-7 full-col-left-padding full-col-right-padding\"> <div  class=\"row\"> <div  data-type=\"column\" class=\"space-bottom-small content-title-col\"> <h5  class=\"\">CONOZCA SOBRE\u2026<\/h5> <h2  class=\"\">Sugerencias de Seguridad<\/h2> <p  class=\"\">En la actualidad es recomendable estar familiarizados con los t\u00e9rminos b\u00e1sicos relacionados a tema de seguridad de la informaci\u00f3n.<\/p><\/div> <\/div> <div  class=\"row spaced-cols \" data-type=\"row\"> <div  class=\"col-xs-6\" data-type=\"column\"> <h5  class=\"\">PHISING<\/h5> <p  class=\"\">Este tipo de ataque inform\u00e1tico tiene por objetivo general el robo de informaci\u00f3n confidencial para su posterior uso y abuso sin el consentimiento del propietario.<\/p><\/div> <div  class=\"col-xs-6\" data-type=\"column\"><h5  class=\"\">VIRUS<\/h5> <p  class=\"\">Un virus inform\u00e1tico es un malware que tiene por objetivo alterar el normal funcionamiento del ordenador, sin el permiso o el conocimiento del usuario.<\/p><\/div> <div  class=\"col-xs-6\" data-type=\"column\"><h5  class=\"\">VULNERABILIDADES<\/h5> <p  class=\"\">Para establecer comunicaci\u00f3n en Internet, es necesario que existan puertos (virtuales) abiertos que se encuentran a la espera de solicitudes de comunicaci\u00f3n.<\/p><\/div> <div  class=\"col-xs-6\" data-type=\"column\"><h5  class=\"\">CONTRASE\u00d1AS<\/h5> <p  class=\"\">Los delincuentes inform\u00e1ticos roban nombres de usuario con sus respectivas contrase\u00f1as, mediante ataques por diccionario y fuerza bruta.<\/p><\/div> <\/div><\/div> <\/div><\/div> <\/div><div  id=\"content-14\" style=\"background-color: #ffffff;\" data-label=\"Content\" data-id=\"content-3\" data-export-id=\"content-3\" data-category=\"content\" class=\"content-3 content-section content-section-spacing\"><div > <div  class=\"row middle-xs\"><div  class=\"col-sm-7 full-col-left-padding full-col-right-padding\"> <div  class=\"row\"><div  data-type=\"column\" class=\"space-bottom-small content-title-col\"> <h5  class=\"\">CONOZCA SOBRE\u2026<\/h5> <h2  class=\"\">Nuestros Servicios<\/h2> <p  class=\"\">Nuestros principales servicios.<\/p><\/div> <\/div> <div  class=\"row spaced-cols\" data-type=\"row\"> <div  class=\"col-xs-6\" data-type=\"column\"> <h5  class=\"\">NOMBRES DE DOMINIO<\/h5> <p  class=\"\">El registro de su dominio constituye un activo para su organizaci\u00f3n. La selecci\u00f3n de un nombre apropiado le garantiza mantener presencia en Internet.<\/p><\/div> <div  class=\"col-xs-6\" data-type=\"column\"><h5  class=\"\">WEB HOSTING<\/h5> <p  class=\"\">Hosting dedicado para su empresa, lo cual le permitir\u00e1 publicar su p\u00e1gina web en Internet.<\/p><\/div> <div  class=\"col-xs-6\" data-type=\"column\"><h5  class=\"\">SERVIDORES GNU\/LINUX<\/h5> <p  class=\"\">Servidores Virtuales con sistemas operativos GNU\/Linux Centos 7\/8\/9, Debian 12, Ubuntu 22\/24, Fedora 38.<\/p><\/div> <div  class=\"col-xs-6\" data-type=\"column\"><h5  class=\"\">SERVIDORES MICROSOFT WINDOWS<\/h5> <p  class=\"\">Servidores Virtuales con sistemas operativos Microsoft Windows 2019, 2022 y 2025.<\/p><\/div> <\/div><\/div> <div  class=\"col-sm-5 bg-image shadow-large-black revert-classes-holder\" data-bg=\"image\" style=\"background-image: url(&quot;https:\/\/fiberbyte.net\/wp-content\/uploads\/2025\/09\/cropped-digital05.jpg&quot;);\"><\/div><\/div> <\/div><\/div><div  id=\"testimonials-5\" style=\"background-color: #ffffff;\" data-label=\"Testimonials\" data-id=\"testimonials-5\" data-export-id=\"testimonials-5\" data-category=\"testimonials\" class=\"testimonials-5 content-section content-section-spacing\"><div  class=\"gridContainer\"> <div  class=\"row\"><div  data-type=\"column\" class=\"section-title-col\"> <h2  class=\"\">TESTIMO\u00d1O DE CLIENTES<\/h2> <p  class=\"lead\">Nuestros Clientes opinan:<\/p><\/div> <\/div> <div  class=\"row spaced-cols content-center-sm\" data-type=\"row\"> <div  class=\"col-xs-12 col-sm-6 col-md-4\"> <div  class=\"card y-move bordered\" data-type=\"column\"> <i  class=\"fa fa-quote-right icon color1 small quotation-icon\"><\/i> <p  class=\"text-center\">Los Servicios Profesionales brindados por el Personal de FIBERBYTE, han cumplido con mis expectativas.<\/p> <img  decoding=\"async\" src=\"https:\/\/fiberbyte.net\/wp-content\/uploads\/2025\/09\/cropped-eje04.png\" class=\"round icon\" title=\"cropped-eje04.png\" alt=\"\"> <h6  class=\"\">Ing. David L\u00f3pez<\/h6> <p  class=\"small italic\">DLC Comunicaciones<\/p><\/div> <\/div> <div  class=\"col-xs-12 col-sm-6 col-md-4\"> <div  class=\"card y-move bordered\" data-type=\"column\"> <i  class=\"fa fa-quote-right icon color1 small quotation-icon\"><\/i> <p  class=\"text-center\">FIBERBYTE, me ayudo a mantener un mayor acercamiento con mis Clientes a trav\u00e9s de Internet, lo cual a maximizado mis ingresos econ\u00f3micos.<\/p> <img  decoding=\"async\" src=\"https:\/\/fiberbyte.net\/wp-content\/uploads\/2025\/09\/cropped-eje03.png\" class=\"round icon\" title=\"cropped-eje03.png\" alt=\"\"> <h6  class=\"\">Ing. Raquel Mart\u00ednez<\/h6> <p  class=\"small italic\">Servicios Contables<\/p><\/div> <\/div> <div  class=\"col-xs-12 col-sm-6 col-md-4\"> <div  class=\"card y-move bordered\" data-type=\"column\"> <i  class=\"fa fa-quote-right icon color1 small quotation-icon\"><\/i> <p  class=\"text-center\">FIBERBYTE, se ha convertido en mi socio estrat\u00e9gico con quien recibo el respaldo para el acompa\u00f1amiento en mis proyectos.<\/p> <img  decoding=\"async\" src=\"https:\/\/fiberbyte.net\/wp-content\/uploads\/2025\/09\/cropped-eje04.png\" class=\"round icon\" title=\"cropped-eje04.png\" alt=\"\"> <h6  class=\"\">Ing. Miguel Ramirez<\/h6> <p  class=\"small italic\">Servicios Profesionales<\/p><\/div> <\/div><\/div> <\/div><\/div>","protected":false},"excerpt":{"rendered":"<p>TECNOLOG\u00cdA Nuestra empresa para brindar sus Productos y Servicios, usa tecnolog\u00edas actuales, con las cuales se logra cubrir las necesidades de nuestros Clientes GPON Sistema de acceso a Internet de Alta Velocidad, la conexi\u00f3n con el mundo que podr\u00e1 experimentar es la m\u00e1s r\u00e1pida, directamente desde su computador. WIRELESS Sistema de acceso a Internet de&hellip; <br \/> <a class=\"read-more\" href=\"https:\/\/fiberbyte.net\/\">Leer m\u00e1s<\/a><\/p>\n","protected":false},"author":1,"featured_media":0,"parent":0,"menu_order":0,"comment_status":"closed","ping_status":"closed","template":"page-templates\/homepage.php","meta":{"footnotes":""},"class_list":["post-4","page","type-page","status-publish","hentry"],"_links":{"self":[{"href":"https:\/\/fiberbyte.net\/index.php?rest_route=\/wp\/v2\/pages\/4","targetHints":{"allow":["GET"]}}],"collection":[{"href":"https:\/\/fiberbyte.net\/index.php?rest_route=\/wp\/v2\/pages"}],"about":[{"href":"https:\/\/fiberbyte.net\/index.php?rest_route=\/wp\/v2\/types\/page"}],"author":[{"embeddable":true,"href":"https:\/\/fiberbyte.net\/index.php?rest_route=\/wp\/v2\/users\/1"}],"replies":[{"embeddable":true,"href":"https:\/\/fiberbyte.net\/index.php?rest_route=%2Fwp%2Fv2%2Fcomments&post=4"}],"version-history":[{"count":7,"href":"https:\/\/fiberbyte.net\/index.php?rest_route=\/wp\/v2\/pages\/4\/revisions"}],"predecessor-version":[{"id":124,"href":"https:\/\/fiberbyte.net\/index.php?rest_route=\/wp\/v2\/pages\/4\/revisions\/124"}],"wp:attachment":[{"href":"https:\/\/fiberbyte.net\/index.php?rest_route=%2Fwp%2Fv2%2Fmedia&parent=4"}],"curies":[{"name":"wp","href":"https:\/\/api.w.org\/{rel}","templated":true}]}}